 + 0)*34/(-51). Let u be (2 + (-14)/a)*(-40)/15. Suppose -l + 2 = 2*x, u*l - 2*l - x - 14 = 0. Let w(v) = 2*v**2 - 8*v - 5. Give w(l).
19
Let w(y) be the third derivative of -3*y**4/4 - 97*y**3/3 - 420*y**2. What is w(-11)?
4
Let x(b) = 3*b - 11. Let p be -3*(1 + (8 - 10)) - -4. Calculate x(p).
10
Suppose -3*k - 96 + 99 = 0. Suppose -5*j + 5*w = -25, -k - 7 = 2*j + 4*w. Let d(r) = -1314*r**3 + 1316*r**3 + 0*r + r - 4*r**j. Give d(3).
21
Let q(a) = -20*a - 10. Let p(l) = 17*l + 9. Let w(k) = -7*p(k) - 6*q(k). Suppose 0 = 5*j - c + 4*c - 27, -2*j + 3*c + 15 = 0. Give w(j).
3
Let g(o) be the first derivative of -7*o**3/6 - o**2 - 267*o + 296. Let x(u) be the first derivative of g(u). Give x(-5).
33
Let z be ((-30)/(-145))/3 + 31/(-29). Let u(o) = 6*o**3 + 3*o + 2. Give u(z).
-7
Let y(b) = 414722*b**3 - 414721*b**3 + b - 2*b - 6 + 9*b**2. Determine y(-9).
3
Let y(b) = 3*b**3 - 6*b**2 - 6*b - 28. Let c(h) = -h**3 + h**2 + 4. Let k(i) = 4*c(i) + y(i). Give k(-2).
0
Suppose -p - 5*f = -21, 7*f - 24 = -4*p + 2*f. Let h(d) = -4 + 0*d + 0*d - 7*d - p + 6*d. Give h(0).
-5
Let r = 146 + -485. Let w = r - -336. Let n(j) = 3*j - 1. Calculate n(w).
-10
Let z(n) = n**3 + 20*n**2 + 17*n + 7. Let d(w) = -350*w - 1419. Let c be d(-4). Calculate z(c).
45
Let p(j) = 15*j - 19. Let a(f) = 21*f - 15. Let x(s) = 3*a(s) - 4*p(s). Give x(-13).
-8
Let f(c) be the third derivative of 7*c**4/12 - 7*c**3/6 + 1531*c**2. Give f(-2).
-35
Let f(p) be the second derivative of p**4/12 - 2*p**3/3 + 3*p**2/2 + 4*p - 2. Suppose 0 = -8*r + 12*r + 32. Let u be (-2)/8 + (-34)/r. Calculate f(u).
3
Let b(z) = -13*z**2 + 14*z - 20. Let j(l) = -l**2 + l - 2. Let v(y) = b(y) - 5*j(y). Let t be v(1). Let f(i) = i**2 + 8*i - 8. Calculate f(t).
1
Let i be (-2)/((-2)/7) - 36/18. Let j(q) = -6*q + 28. Determine j(i).
-2
Let y(b) = -b**3 + 6*b**2 - 3*b + 1. Suppose -53*f = 123*f - 352. Determine y(f).
11
Suppose 0*w = -4*w - 5*s + 91, 5*w - s = 92. Suppose -w*f + 16*f - 27 = 0. Let z be 44/12 - 3/f. Let g(m) = m**2 - 2*m - 5. What is g(z)?
3
Let m = 18875 + -18879. Let k(c) = -c**2 - 11*c - 43. Calculate k(m).
-15
Let s(h) = -4*h + 1. Let z(l) = -6*l**2 + 11*l. Suppose 27*r = 42*r - 30. Let q be z(r). Determine s(q).
9
Let m(l) = l**3 - 6*l**2 + 3*l - 5. Let y be (-194 + 8)/((-3)/6*2). Suppose 26*t - y = -5*t. Calculate m(t).
13
Let t(r) be the second derivative of -2*r**3 - r**2/2 + r. Suppose -5*p - o = -9, 5*p + 30*o - 25 = 25*o. What is t(p)?
-13
Let g(o) be the first derivative of 5*o**4/24 + o**3/3 + o**2 - 10*o - 48. Let y(r) be the second derivative of g(r). Give y(-2).
-8
Let r(a) = 5*a - 103. Suppose -22*i = 3*d - 19*i - 63, 55 = 3*d - 5*i. Give r(d).
-3
Let c = 2647 + -2646. Let d(j) = -j**3 - j**2. Let l(n) = n**3 - 3*n**2 - 1. Let s(z) = 5*d(z) - l(z). Give s(c).
-7
Let a = -18799 - -18795. Let z(m) = 3*m**2 + 4*m + 7. What is z(a)?
39
Suppose 207 = -19*z + 150. Let c(j) = 4*j**2 + 10*j - 1. Give c(z).
5
Let f = -95 + 99. Suppose 3*n - 2*n = 2. Let q(i) = -13 + 14 - 5 + 5*i - i**n. Give q(f).
0
Let i(w) = 5*w + 7. Suppose 115*f - 119*f + 2*m - 36 = 0, 5*f + 44 = 2*m. Give i(f).
-33
Let o(z) = -z**3 + 18*z**2 - 34*z + 26. Let m = -617 - -633. Calculate o(m).
-6
Let s(z) = -z**2 - 13*z - 9. Let t(p) = 2*p**2 + 19*p + 11. Let f(r) = -3*s(r) - 2*t(r). Give f(-2).
-1
Suppose 0 = -2*b - 11 + 13. Let d(h) = h**2 + h - 1. Let t(l) = 2*l**2 + 9*l - 10. Let y(q) = b*t(q) - 3*d(q). Calculate y(5).
-2
Let y(l) = -l**2 + 9*l - 3. Let o(a) = a - 1. Suppose 2*b - 5*r - 4 - 6 = 0, 2*b = -3*r - 6. Suppose -s + 7*s + 24 = b. Let f(i) = s*o(i) + y(i). Give f(6).
-5
Let s(j) = 9*j + 121. Let o(x) = -23*x - 250. Let k(z) = 3*o(z) + 7*s(z). What is k(0)?
97
Let w = -10290 + 10284. Let h(t) = t**2 - 7*t - 17. Give h(w).
61
Suppose 0 = -4*j + 5*q - 31, 0 = -5*j + q - 18 - 5. Let i(n) = 2*n - 16. What is i(j)?
-24
Suppose 5*c + x = -550, c - 11*x = -8*x - 126. Let h = -118 - c. Let s(d) = d**3 + 7*d**2 - d - 2. Give s(h).
5
Suppose 433*o = 92 + 381 - 40. Let h(d) = -12*d - 2. Let i(r) = -12*r - 3. Let f(x) = -4*h(x) + 3*i(x). Give f(o).
11
Let d(p) = -p**3 - 25*p**2 - 46*p + 5. Let m be d(-23). Let r be (0 - (-35)/2)*4/m. Suppose -10*f = -3*f + r. Let b(a) = a**2 + 2*a - 1. Determine b(f).
-1
Let p(z) = 10*z - 34*z**2 - 38*z**2 + 104*z**2 + 45 - 33*z**2 + 25. Determine p(15).
-5
Let f(d) = 2*d - 1. Let m(p) = 3 - 1 - 3*p + 2*p. Let l(b) = -2*f(b) - 3*m(b). Suppose 5*g + x = -38, 101*g = 103*g - 2*x + 8. Determine l(g).
3
Suppose -30 = 38*z - 48*z. Let w(j) = -j**z - 221 + 218 - 4*j**2 + j + j. Determine w(-4).
-11
Suppose -7*t - 7 = -3*q - 6*t, q + 2*t - 7 = 0. Let d(b) = b**2 - b**3 - 9 - 8833*b + 0*b**q + 6*b**2 + 8842*b. Determine d(8).
-1
Let t(m) be the third derivative of m**5/60 - m**4/24 + 5*m**3/6 - 49*m**2. Let x = -17 + 9. Let q be x/36 + 8/36. What is t(q)?
5
Let d be (162/(-12))/(3/(-20)). Suppose 9*a + d = -a. Let t(p) = p - 1. Let h(u) = -u + 2. Let f(j) = -h(j) - 2*t(j). Calculate f(a).
9
Let v(u) = 4*u**2 + 19*u + 10. Let r be v(11). Let d be 710 - -2*1/(-2). Let n(q) = -8*q + d*q**2 - r*q**2 - 5*q**3 + 4*q**3 + 7. What is n(5)?
-8
Let i(d) be the second derivative of d**6/120 - d**4/12 - 33*d**2/2 - 38*d. Let u(h) be the first derivative of i(h). What is u(-3)?
-21
Let y(r) = 5*r + 10. Let x(z) = 2*z + 3. Suppose -4*q + 3*s = -59, 4*q + s = 5*q - 16. Let k(u) = q*x(u) - 4*y(u). Give k(5).
3
Let j(x) = -2*x**3 - 3*x**2 - 2*x + 2. Let g be 6/12*(-1 + 5). Suppose -g*p + 5 = 9. Give j(p).
10
Let o be -2 + (6 - 66/12)*38. Let h(x) = -o + 8 - 79*x + 8 - 2 + 78*x. Suppose u = -0*u - 6. Calculate h(u).
3
Let f(k) = 3*k + 9. Suppose 57*t = 54*t + 489. Let q = -169 + t. Calculate f(q).
-9
Let i(x) = -9*x**2 + 44 - 181 + 49 - x**3 + 51 + 42 - 12*x. Determine i(-4).
-27
Suppose 137*r - 40*r - 324 = -65*r. Let k(z) be the third derivative of -z**5/30 + z**4/6 - 2*z**3/3 + 5*z**2. Calculate k(r).
-4
Let h(v) = -3*v + 2. Let p be 1/((-10)/4)*35. Let i be (-1 - 0)/(p/42). Give h(i).
-7
Let f(k) = -k**3 - 2*k - 1. Let d(v) = 4*v**3 + 8*v**2 + 13*v + 3. Let n(y) = d(y) + 3*f(y). Calculate n(-7).
0
Suppose 16*s + 40*s = -20*s - 532. Let a(h) = h**2 + 8*h - 12. What is a(s)?
-19
Let n(b) = 1 + 21*b**2 + 26738*b - 26725*b + b**3 - 34*b**2. What is n(12)?
13
Let z(o) be the second derivative of 7*o + 16 - 1/2*o**2 - 1/2*o**3. Give z(-1).
2
Let t(g) be the second derivative of g**4/12 - 5*g**3/6 + 4*g**2 + 5*g - 2. Determine t(4).
4
Let d be (-5 - 2)/((4 - -2)/(-6)). Let g be (-8 + d)/(10/(-11) - -1). Let y(a) = -a - 11. What is y(g)?
0
Let m(g) = g - 1. Let z(w) = -3*w - 4. Let t(s) = 4*m(s) - z(s). Let n = 20532 + -20533. Calculate t(n).
-7
Let w(r) be the third derivative of 0 - 1/8*r**4 - 114*r**2 + 0*r - 5*r**3. What is w(-12)?
6
Let h(m) = m**2 + 71*m - 1603. Let w be h(18). Let v(l) = -2*l**2 - 6*l - 6. What is v(w)?
-2
Let n(s) be the first derivative of -s**3/3 - 3*s**2/2 - 6*s - 12. Let i be (1 - 4) + (-88)/(-11). Suppose 2*a - 4 = i*t + 3, -3*a - 9 = -t. Calculate n(a).
-10
Let g(c) = 0*c**3 - 924 - 8*c**2 + c**3 + 1839 + c - 908. Calculate g(3).
-35
Let g be (-2)/(2 + -3) - -91. Suppose 5*d - 37 = g. Suppose -2*a - 2*a + d = -k, 0 = 3*a + 3*k - 27. Let u(t) = -t**3 + 6*t**2 + 6*t + 3. Give u(a).
-4
Let v(k) = 15*k**3 - 4*k - 3. Suppose -3*n + 3*x = 21, 12 = 17*x - 15*x. What is v(n)?
-14
Suppose -20*g + 22 + 33 = 15. Let k(z) be the second derivative of -g*z**2 + 2/3*z**3 + 0 + 24*z. What is k(-4)?
-20
Let x = -4376 - -4384. Let u(g) be the second derivative of g**3/6 - 3*g**2 - g. Calculate u(x).
2
Suppose 2*s - 12 = -2*s. Let z(y) = 6*y - 4*y + 6*y - 7*y**2 + y**3 + s. Suppose 540 = 79*g + 66. Give z(g).
15
Let f(x) = 13*x + 70. Let s(g) = -12*g - 88. Let d(q) = 5*f(q) + 4*s(q). Give d(-3).
-53
Let u(h) = -15*h + 3 + 0 - 32. Let x(z) = 7*z + 14. Let q = -3934 + 3947. Let p(m) = q*x(m) + 6*u(m). Give p(-4).
4
Let i(v) = -2*v**2 + 49*v - 2. Let g(u) = -u**2 + 20*u - 1. Let z(m) = -5*g(m) + 2*i(m). Calculate z(3).
4
Let z(y) = -2*y**2 + 6*y + 7. Let i(h) = -4*h**2 + 12*h + 15. Let l(d) = 6*i(d) - 13*z(d). Let a(c) = 4*c**3 - 17*c**2 + 21*c - 1. Let s be a(2). What is l(s)?
19
Let q = 13 + -28. Let p be (-2)/12 - q/(-18). Let u(o) = 18*o**2 - 8*o - 1. Let a(l) = 16*l**2 - 7*l - 1. Let s(k) = 6*a(k